se 0 = 4*r - 7 - 1. What is the greatest common factor of 8 and r?
2
Suppose 2*n - 2 = 0, 2*j - n = 80 + 73. Calculate the greatest common divisor of j and 7.
7
Let n(r) = r**2 + 3*r - 20. Let k be n(8). Let u = 96 - k. Calculate the highest common divisor of u and 70.
14
Let c(m) = m**3 - 11*m**2 - 8*m - 11. Let x be c(12). Suppose -6 = 4*i - 2*i, 4*t = -i + x. Calculate the greatest common divisor of t and 110.
10
Let w(t) = 14*t**3 + 1. Let h be w(1). Let y(p) = p**2 + 9*p - 7. Let i be y(-11). What is the greatest common divisor of h and i?
15
Let t(c) = 3*c**2 + 8*c - 9. Let q be t(-9). Calculate the highest common divisor of 18 and q.
18
Let q be (-225)/2 - (-3)/6. Let y = 14 - q. What is the highest common factor of 18 and y?
18
Suppose -6*k = 89 - 131. Calculate the greatest common divisor of 14 and k.
7
Let s(w) = -w**3 + 8*w**2 + w - 9. Let k be s(8). Let b be 29*(0 + k + 2). Let f = -19 + b. Calculate the greatest common divisor of 40 and f.
10
Let k(y) = -2*y**2 - 30*y + 8. Let h be k(-14). Suppose -3*l = -5*u - 37, -5*l - 2*u + 4 = -6. Calculate the highest common divisor of h and l.
4
Let u(b) = 11*b**2 - 23. Let w be u(-4). Calculate the greatest common factor of w and 9.
9
Let l be ((-57)/(-4))/((-2)/(-48)). Calculate the greatest common factor of l and 38.
38
Let c(k) = -k**3 - 6*k**2 - 7*k - 2. Let r be c(-6). Calculate the greatest common divisor of 20 and r.
20
Suppose 16*q - 100 = 6*q. Calculate the greatest common divisor of q and 320.
10
Suppose 0 = -f + 6*f + 85. Let b = f + 27. Calculate the highest common divisor of b and 50.
10
Let c = -64 + 81. Let v = -31 - -48. What is the greatest common divisor of v and c?
17
Suppose 5*r + 2*y - 26 = 0, -4*r - y + 17 = -5. What is the highest common divisor of 6 and r?
6
Let o be (0 - -1 - 1)/(-2). Suppose 4*k + o*k = 20. Calculate the highest common divisor of k and 10.
5
Let d = 61 - 41. Calculate the greatest common divisor of d and 20.
20
Let y be 2/(-3)*(-60)/8. Suppose 0 = -b - y + 10. Suppose -3 = -6*l + 3*l. What is the highest common factor of l and b?
1
Suppose 5*u - 3*i + 91 = 0, -u - 2*i = -3*u - 34. Let m = -10 - u. Calculate the highest common divisor of m and 20.
10
Let s(z) = 16*z - 1. Let x be s(1). Let p be (-9)/(-15) - (-351)/x. What is the highest common factor of 6 and p?
6
Suppose 2*i - 2 - 10 = 0. Calculate the highest common divisor of 9 and i.
3
Let o be 0/(-3 + 5 + -1). Let l(c) = c**3 + c**2 + 6. Let q be l(o). Calculate the highest common divisor of 15 and q.
3
Let v = 7 + -49. Let f be (-28)/21*v/(-4). Let x be ((-7)/f)/((-2)/(-60)). What is the greatest common divisor of 105 and x?
15
Let z(c) be the first derivative of 1/2*c**2 + 1/3*c**3 - c - 2. Let n be z(2). Calculate the greatest common factor of n and 2.
1
Suppose -6*v = -4*v - 66. Let m = v + -11. Let p be (-4)/6 + (-202)/(-6). Calculate the highest common divisor of m and p.
11
Let q(p) = 2*p**3 - 2*p**2 + 2*p - 3. Let i be q(3). Let t be -3 + -3*i/(-9). What is the greatest common divisor of t and 40?
10
Suppose 0 = 9*o - 10*o + 12. Calculate the highest common factor of o and 48.
12
Suppose 5*l + 3 = 4*j, 4*j - 5*l + 32 = 5*j. Suppose -z + 4*n + n = -55, -3*z + n = -109. What is the highest common divisor of j and z?
7
Let m be (-2 - (-24)/3) + -2. Let g be (3 - 27)*(-39)/m. What is the greatest common divisor of g and 26?
26
Let h be 4 - -1 - -1*55. What is the greatest common factor of 20 and h?
20
Suppose 0 = -3*y + 2*w + 30, -w - 15 = -y - 5. Calculate the greatest common factor of 2 and y.
2
Let q be (14/(-5))/((-1)/20). Suppose -a = -11 - 4. Let l = -1 + a. What is the highest common factor of l and q?
14
Let k = -25 + 46. Let d be 4*-2 + 4 - -109. What is the greatest common divisor of d and k?
21
Let d = 5 + -6. Let t be ((-1)/(3/72))/d. Calculate the highest common divisor of t and 8.
8
Let k(m) = m**2 + 3*m + 5. Let u be k(-4). Let a = -7 - -43. What is the highest common divisor of u and a?
9
Let f(t) = t**3 - 17*t**2 - 38*t + 2. Let d be f(19). Calculate the greatest common factor of 14 and d.
2
Let z(b) = 22*b**2 + 5*b + 3. Let w be z(-1). What is the highest common divisor of w and 70?
10
Suppose 4*l = 0, -2*u = -0*l - 2*l - 812. Calculate the highest common divisor of u and 58.
58
Let w(p) = -p**3 - 17*p**2 - 17*p - 5. Let d be w(-16). What is the highest common factor of d and 55?
11
Let x = 23 - 14. Suppose 5*z - x = 171. Calculate the highest common factor of 6 and z.
6
Suppose 4 = -4*v + 3*u, 3*v + 3*u - 16 = v. Suppose -h - v*h + 36 = 0. What is the highest common divisor of h and 12?
12
Let q be 42 + (-6)/3 - 0. Suppose 5*j - 9*j = -q. Calculate the greatest common divisor of 10 and j.
10
Suppose -2*t - 13 + 3 = 2*o, 0 = 4*o - 4. Let f = 25 + -15. Let v = t + f. What is the highest common divisor of 6 and v?
2
Suppose -23 = -4*z - 3*b, 0 = -z - 3*b - 0 - 1. Suppose 2*l = l + z. Suppose 2 = -0*r + 2*r. What is the greatest common divisor of l and r?
1
Let a = 18 - 12. Let m = -37 + 91. What is the greatest common factor of m and a?
6
Let x = 154 - -6. Let j be (-6)/(-5)*250/15. Calculate the highest common divisor of j and x.
20
Let z be ((-27)/(-12))/(3/40). Let g = z + -19. Suppose -2*y = -4*u - 102, 5*y = 2*y + 5*u + 155. What is the highest common factor of y and g?
11
Let z(u) = u**3 - u**2 + u - 1. Let w(k) = -4*k**3 + 8*k**2 - 10*k + 4. Let r(q) = w(q) + 5*z(q). Let s be r(-4). What is the greatest common factor of s and 3?
3
Let v(k) = k**3 - 18*k**2 - 15*k - 20. Let j be v(19). What is the highest common factor of j and 8?
8
Let t(b) = 8*b**2 + 6*b - 27. Let j be t(3). What is the greatest common factor of 18 and j?
9
Let d(g) = -4*g**2 + 3*g - 2. Let h be d(5). Let f be h/(-1)*(-6 - -5). Let b = f - -177. What is the highest common divisor of 18 and b?
18
Let x = 111 - 11. Suppose 0 = 2*f - 4*f + x. Suppose -f = -0*u - 5*u. What is the greatest common factor of u and 5?
5
Suppose 2*c - 16 = 2. Suppose -r = 4*o + o - 20, -18 = -3*r - o. Suppose -z + t = -7, 0*t + t + 43 = r*z. Calculate the highest common factor of z and c.
9
Let o be -6 + 5 + (5 - 0). Calculate the highest common factor of 28 and o.
4
Let r(p) = 7*p**2 - 1. Let f be r(1). Suppose -2*t = -2*b, 6*t - 3*b = t + 2. What is the greatest common divisor of f and t?
1
Suppose 0 = 3*w - 5*w + 24. What is the highest common factor of w and 12?
12
Suppose 3*w - 14 = -3*p - 2, -2*w + 5*p = 6. Suppose 2*s - 5 = 5*j, 0 = j + 5*s + 4 - 3. Let t be (5 - 57)*j/w. Calculate the highest common factor of t and 39.
13
Let c be 12*(-2 + 17/3). What is the greatest common factor of c and 4?
4
Let w(k) = -17*k**2 + 3*k. Let s be w(-2). Let j = -52 - s. Calculate the highest common divisor of j and 2.
2
Suppose s + 18 = 4*s - 5*b, -4*s - b + 1 = 0. Let x be s - 3 - (-3 + -3). What is the highest common factor of x and 44?
4
Let p(b) = -5*b - 10. Let v be p(-7). Calculate the highest common factor of 225 and v.
25
Suppose -2*l - 25 = -133. Suppose -4*p = -2*p - 84. Suppose 3*b - 4*f - 4 = -2, 5*b - p = -3*f. Calculate the greatest common factor of b and l.
6
Suppose 11*a + 95 = 16*a. What is the greatest common divisor of 152 and a?
19
Suppose 194 = 8*g + 34. Let b = 0 + 8. What is the greatest common factor of g and b?
4
Let f = -20 + 24. What is the highest common factor of 44 and f?
4
Let z be -32 - (-4)/(-16)*0. Let o be (48/(-32))/(2/z). What is the highest common divisor of 12 and o?
12
Suppose -3*a - 23 = -71. Calculate the highest common divisor of a and 24.
8
Let m = -31 - -43. Suppose -5*s = 2*x - 11 - 19, 35 = 5*s + x. Calculate the highest common divisor of m and s.
4
Let w be 497/5 + 4/(-10). Let u(l) = -3*l - 4. Suppose -20 = -n - 5*h, -4*h = n - 3*h. Let b be u(n). Calculate the greatest common factor of w and b.
11
Suppose -u + 0*u = -32. Calculate the greatest common divisor of 4 and u.
4
Let a = -9 + 13. Suppose a*h = -48 + 144. Suppose -2*y = -10, -k + 3*k - 26 = -4*y. What is the greatest common factor of h and k?
3
Let d(j) = j**2 - 4*j. Let v be (6/8)/((-1)/(-4)). Suppose v*c = 3*m - 18, 0*c = c + 1. Let i be d(m). Calculate the highest common factor of 55 and i.
5
Let n = 7 - -17. What is the highest common factor of n and 12?
12
Suppose 0 = -5*s + 2*c + 132, 66 = 2*s + 2*c + 2. Let y be -7